{"id":10336,"date":"2021-12-03T17:44:13","date_gmt":"2021-12-03T16:44:13","guid":{"rendered":"https:\/\/www.paroisses-paysdecernay.fr\/?page_id=10336"},"modified":"2021-12-03T17:46:34","modified_gmt":"2021-12-03T16:46:34","slug":"pose-dune-coquille-saint-jacques-a-wattwiller","status":"publish","type":"page","link":"https:\/\/www.paroisses-paysdecernay.fr\/?page_id=10336","title":{"rendered":"Pose d&rsquo;une coquille Saint-Jacques \u00e0 Wattwiller"},"content":{"rendered":"\n<p>Le 17 octobre 2021, l&rsquo;Association des Amis de saint Jacques en Alsace a proc\u00e9d\u00e9 \u00e0 la pose d&rsquo;une coquille de Saint-Jacques au pied de l&rsquo;\u00e9glise Saint-Jean-Baptiste de Wattwiller.   <\/p>\n\n\n\n<p><\/p>\n\n\n\n<figure class=\"wp-block-embed is-type-video is-provider-youtube wp-block-embed-youtube wp-embed-aspect-16-9 wp-has-aspect-ratio\"><div class=\"wp-block-embed__wrapper\">\n<iframe loading=\"lazy\" title=\"pose d&#039;une coquille du chemin de Saint-Jacques \u00e0 Wattwiller\" width=\"625\" height=\"352\" src=\"https:\/\/www.youtube.com\/embed\/JLs53NNOLJU?feature=oembed\" frameborder=\"0\" allow=\"accelerometer; autoplay; clipboard-write; encrypted-media; gyroscope; picture-in-picture; web-share\" referrerpolicy=\"strict-origin-when-cross-origin\" allowfullscreen><\/iframe>\n<\/div><\/figure>\n","protected":false},"excerpt":{"rendered":"<p>Le 17 octobre 2021, l&rsquo;Association des Amis de saint Jacques en Alsace a proc\u00e9d\u00e9 \u00e0 la pose d&rsquo;une coquille de Saint-Jacques au pied de l&rsquo;\u00e9glise Saint-Jean-Baptiste de Wattwiller.<\/p>\n","protected":false},"author":1,"featured_media":0,"parent":0,"menu_order":0,"comment_status":"closed","ping_status":"closed","template":"","meta":{"footnotes":""},"class_list":["post-10336","page","type-page","status-publish","hentry"],"_links":{"self":[{"href":"https:\/\/www.paroisses-paysdecernay.fr\/wordpress\/index.php?rest_route=\/wp\/v2\/pages\/10336","targetHints":{"allow":["GET"]}}],"collection":[{"href":"https:\/\/www.paroisses-paysdecernay.fr\/wordpress\/index.php?rest_route=\/wp\/v2\/pages"}],"about":[{"href":"https:\/\/www.paroisses-paysdecernay.fr\/wordpress\/index.php?rest_route=\/wp\/v2\/types\/page"}],"author":[{"embeddable":true,"href":"https:\/\/www.paroisses-paysdecernay.fr\/wordpress\/index.php?rest_route=\/wp\/v2\/users\/1"}],"replies":[{"embeddable":true,"href":"https:\/\/www.paroisses-paysdecernay.fr\/wordpress\/index.php?rest_route=%2Fwp%2Fv2%2Fcomments&post=10336"}],"version-history":[{"count":3,"href":"https:\/\/www.paroisses-paysdecernay.fr\/wordpress\/index.php?rest_route=\/wp\/v2\/pages\/10336\/revisions"}],"predecessor-version":[{"id":10340,"href":"https:\/\/www.paroisses-paysdecernay.fr\/wordpress\/index.php?rest_route=\/wp\/v2\/pages\/10336\/revisions\/10340"}],"wp:attachment":[{"href":"https:\/\/www.paroisses-paysdecernay.fr\/wordpress\/index.php?rest_route=%2Fwp%2Fv2%2Fmedia&parent=10336"}],"curies":[{"name":"wp","href":"https:\/\/api.w.org\/{rel}","templated":true}]}}

Pose d&rsquo;une coquille Saint-Jacques à Wattwiller

<p>Le 17 octobre 2021, l&rsquo;Association des Amis de saint Jacques en Alsace a procédé à la pose d&rsquo;une coquille de Saint-Jacques au pied de l&rsquo;église Saint-Jean-Baptiste de Wattwiller.   </p>



<p></p>



<figure class="wp-block-embed is-type-video is-provider-youtube wp-block-embed-youtube wp-embed-aspect-16-9 wp-has-aspect-ratio"><div class="wp-block-embed__wrapper">
<iframe loading="lazy" title="pose d&#039;une coquille du chemin de Saint-Jacques à Wattwiller" width="625" height="352" src="https://www.youtube.com/embed/JLs53NNOLJU?feature=oembed" frameborder="0" allow="accelerometer; autoplay; clipboard-write; encrypted-media; gyroscope; picture-in-picture; web-share" referrerpolicy="strict-origin-when-cross-origin" allowfullscreen></iframe>
</div></figure>

<p>Le 17 octobre 2021, l&rsquo;Association des Amis de saint Jacques en Alsace a procédé à la pose d&rsquo;une coquille de Saint-Jacques au pied de l&rsquo;église Saint-Jean-Baptiste de Wattwiller.</p>
