{"id":5261,"date":"2019-07-28T18:20:09","date_gmt":"2019-07-28T16:20:09","guid":{"rendered":"https:\/\/www.paroisses-paysdecernay.fr\/?page_id=5261"},"modified":"2020-06-28T16:44:39","modified_gmt":"2020-06-28T14:44:39","slug":"eglise-saint-jean-baptiste-de-wattwiller-le-clocher","status":"publish","type":"page","link":"https:\/\/www.paroisses-paysdecernay.fr\/?page_id=5261","title":{"rendered":"Eglise Saint-Jean-Baptiste de Wattwiller : le clocher"},"content":{"rendered":"\n<p>Le clocher de l&rsquo;\u00e9glise est \u00e0 l&rsquo;image des clochers rh\u00e9nans, massifs, \u00e0 cinq \u00e9tages, toiture en b\u00e2ti\u00e8re, id\u00e9ale contre la neige et la pluie. <\/p>\n\n\n\n<div class=\"wp-block-columns has-2-columns is-layout-flex wp-container-core-columns-is-layout-9d6595d7 wp-block-columns-is-layout-flex\">\n<div class=\"wp-block-column is-layout-flow wp-block-column-is-layout-flow\">\n<figure class=\"wp-block-image\"><img loading=\"lazy\" decoding=\"async\" width=\"683\" height=\"1024\" src=\"https:\/\/www.paroisses-paysdecernay.fr\/wordpress\/wp-content\/uploads\/2019\/07\/IMG_0155-683x1024.jpg\" alt=\"\" class=\"wp-image-5263\" srcset=\"https:\/\/www.paroisses-paysdecernay.fr\/wordpress\/wp-content\/uploads\/2019\/07\/IMG_0155-683x1024.jpg 683w, https:\/\/www.paroisses-paysdecernay.fr\/wordpress\/wp-content\/uploads\/2019\/07\/IMG_0155-200x300.jpg 200w, https:\/\/www.paroisses-paysdecernay.fr\/wordpress\/wp-content\/uploads\/2019\/07\/IMG_0155-768x1152.jpg 768w, https:\/\/www.paroisses-paysdecernay.fr\/wordpress\/wp-content\/uploads\/2019\/07\/IMG_0155-624x936.jpg 624w\" sizes=\"auto, (max-width: 683px) 100vw, 683px\" \/><\/figure>\n<\/div>\n\n\n\n<div class=\"wp-block-column is-layout-flow wp-block-column-is-layout-flow\">\n<figure class=\"wp-block-image\"><img loading=\"lazy\" decoding=\"async\" width=\"1024\" height=\"683\" src=\"https:\/\/www.paroisses-paysdecernay.fr\/wordpress\/wp-content\/uploads\/2019\/07\/IMG_0157-1024x683.jpg\" alt=\"\" class=\"wp-image-5244\" srcset=\"https:\/\/www.paroisses-paysdecernay.fr\/wordpress\/wp-content\/uploads\/2019\/07\/IMG_0157-1024x683.jpg 1024w, https:\/\/www.paroisses-paysdecernay.fr\/wordpress\/wp-content\/uploads\/2019\/07\/IMG_0157-300x200.jpg 300w, https:\/\/www.paroisses-paysdecernay.fr\/wordpress\/wp-content\/uploads\/2019\/07\/IMG_0157-768x512.jpg 768w, https:\/\/www.paroisses-paysdecernay.fr\/wordpress\/wp-content\/uploads\/2019\/07\/IMG_0157-624x416.jpg 624w\" sizes=\"auto, (max-width: 1024px) 100vw, 1024px\" \/><\/figure>\n\n\n\n<figure class=\"wp-block-image\"><img loading=\"lazy\" decoding=\"async\" width=\"1024\" height=\"683\" src=\"https:\/\/www.paroisses-paysdecernay.fr\/wordpress\/wp-content\/uploads\/2019\/07\/IMG_0156-1024x683.jpg\" alt=\"\" class=\"wp-image-5264\" srcset=\"https:\/\/www.paroisses-paysdecernay.fr\/wordpress\/wp-content\/uploads\/2019\/07\/IMG_0156-1024x683.jpg 1024w, https:\/\/www.paroisses-paysdecernay.fr\/wordpress\/wp-content\/uploads\/2019\/07\/IMG_0156-300x200.jpg 300w, https:\/\/www.paroisses-paysdecernay.fr\/wordpress\/wp-content\/uploads\/2019\/07\/IMG_0156-768x512.jpg 768w, https:\/\/www.paroisses-paysdecernay.fr\/wordpress\/wp-content\/uploads\/2019\/07\/IMG_0156-624x416.jpg 624w\" sizes=\"auto, (max-width: 1024px) 100vw, 1024px\" \/><\/figure>\n<\/div>\n<\/div>\n\n\n\n<p>Sur une grosse pierre de taille du grand portail gothique est grav\u00e9e la date de 1481, en chiffres al\u00e9maniques (alamans), propre au couloir rh\u00e9nan (Alsace et Pays de Bade en particulier : le 4 est un 8 entr&rsquo;ouvert \u00e0 la base). Cette date correspond \u00e0 la r\u00e9fection du clocher apr\u00e8s les destructions de la guerre de 100 ans (P\u00e2ques 1444).  Cette reconstruction se fit sous le cur\u00e9 ANEWILR (1481-1489) et la date de 1489, sur le mur Est \u00e0 l&rsquo;int\u00e9rieur de la sacristie, cl\u00f4ture ces travaux, en particulier la transformation du ch\u0153ur roman en ch\u0153ur gothique. Il en fut de m\u00eame pour les bas-c\u00f4t\u00e9 nord et sud dont les travaux s&rsquo;ach\u00e8veront vers 1500. En r\u00e9alit\u00e9, tour, nef, et bas-c\u00f4t\u00e9, (\u00e0 l&rsquo;exception des chapelles du clocher), remontent aux ann\u00e9es 1220-1230, quelques d\u00e9cennies avant que le baillage de Wattwiller ne soit \u00e9lev\u00e9 au rang de ville et entour\u00e9 d&rsquo;une enceinte fortifi\u00e9e (1260-1265) par ordre des princes-abb\u00e9s de Murbach, propri\u00e9taires des lieux.<\/p>\n\n\n\n<p>(*1) source : 1481-1981 Cinqui\u00e8me Centenaire de l&rsquo;\u00e9glise Saint-Jean-Baptiste &#8211; Mon clocher raconte -Pierre Riether Ao\u00fbt 1981 <br>(*2) source : Eglise de Wattwiller &#8211; Guide de visite &#8211; Fran\u00e7ois                Ebner &#8211; Septembre 2007<br>(*3) source : L&rsquo;\u00e9glise de Wattwiller &#8211; Guide de visite en fran\u00e7ais &amp; allemand &#8211; Fernand Luttenbacher &#8211; Ao\u00fbt 2008<\/p>\n","protected":false},"excerpt":{"rendered":"<p>Le clocher de l&rsquo;\u00e9glise est \u00e0 l&rsquo;image des clochers rh\u00e9nans, massifs, \u00e0 cinq \u00e9tages, toiture en b\u00e2ti\u00e8re, id\u00e9ale contre la neige et la pluie. Sur une grosse pierre de taille [&hellip;]<\/p>\n","protected":false},"author":1,"featured_media":0,"parent":0,"menu_order":0,"comment_status":"closed","ping_status":"closed","template":"page-templates\/full-width.php","meta":{"footnotes":""},"class_list":["post-5261","page","type-page","status-publish","hentry"],"_links":{"self":[{"href":"https:\/\/www.paroisses-paysdecernay.fr\/wordpress\/index.php?rest_route=\/wp\/v2\/pages\/5261","targetHints":{"allow":["GET"]}}],"collection":[{"href":"https:\/\/www.paroisses-paysdecernay.fr\/wordpress\/index.php?rest_route=\/wp\/v2\/pages"}],"about":[{"href":"https:\/\/www.paroisses-paysdecernay.fr\/wordpress\/index.php?rest_route=\/wp\/v2\/types\/page"}],"author":[{"embeddable":true,"href":"https:\/\/www.paroisses-paysdecernay.fr\/wordpress\/index.php?rest_route=\/wp\/v2\/users\/1"}],"replies":[{"embeddable":true,"href":"https:\/\/www.paroisses-paysdecernay.fr\/wordpress\/index.php?rest_route=%2Fwp%2Fv2%2Fcomments&post=5261"}],"version-history":[{"count":3,"href":"https:\/\/www.paroisses-paysdecernay.fr\/wordpress\/index.php?rest_route=\/wp\/v2\/pages\/5261\/revisions"}],"predecessor-version":[{"id":5477,"href":"https:\/\/www.paroisses-paysdecernay.fr\/wordpress\/index.php?rest_route=\/wp\/v2\/pages\/5261\/revisions\/5477"}],"wp:attachment":[{"href":"https:\/\/www.paroisses-paysdecernay.fr\/wordpress\/index.php?rest_route=%2Fwp%2Fv2%2Fmedia&parent=5261"}],"curies":[{"name":"wp","href":"https:\/\/api.w.org\/{rel}","templated":true}]}}

<p>Le clocher de l&rsquo;église est à l&rsquo;image des clochers rhénans, massifs, à cinq étages, toiture en bâtière, idéale contre la neige et la pluie. </p>



<div class="wp-block-columns has-2-columns is-layout-flex wp-container-core-columns-is-layout-9d6595d7 wp-block-columns-is-layout-flex">
<div class="wp-block-column is-layout-flow wp-block-column-is-layout-flow">
<figure class="wp-block-image"><img loading="lazy" decoding="async" width="683" height="1024" src="https://www.paroisses-paysdecernay.fr/wordpress/wp-content/uploads/2019/07/IMG_0155-683x1024.jpg" alt="" class="wp-image-5263" srcset="https://www.paroisses-paysdecernay.fr/wordpress/wp-content/uploads/2019/07/IMG_0155-683x1024.jpg 683w, https://www.paroisses-paysdecernay.fr/wordpress/wp-content/uploads/2019/07/IMG_0155-200x300.jpg 200w, https://www.paroisses-paysdecernay.fr/wordpress/wp-content/uploads/2019/07/IMG_0155-768x1152.jpg 768w, https://www.paroisses-paysdecernay.fr/wordpress/wp-content/uploads/2019/07/IMG_0155-624x936.jpg 624w" sizes="auto, (max-width: 683px) 100vw, 683px" /></figure>
</div>



<div class="wp-block-column is-layout-flow wp-block-column-is-layout-flow">
<figure class="wp-block-image"><img loading="lazy" decoding="async" width="1024" height="683" src="https://www.paroisses-paysdecernay.fr/wordpress/wp-content/uploads/2019/07/IMG_0157-1024x683.jpg" alt="" class="wp-image-5244" srcset="https://www.paroisses-paysdecernay.fr/wordpress/wp-content/uploads/2019/07/IMG_0157-1024x683.jpg 1024w, https://www.paroisses-paysdecernay.fr/wordpress/wp-content/uploads/2019/07/IMG_0157-300x200.jpg 300w, https://www.paroisses-paysdecernay.fr/wordpress/wp-content/uploads/2019/07/IMG_0157-768x512.jpg 768w, https://www.paroisses-paysdecernay.fr/wordpress/wp-content/uploads/2019/07/IMG_0157-624x416.jpg 624w" sizes="auto, (max-width: 1024px) 100vw, 1024px" /></figure>



<figure class="wp-block-image"><img loading="lazy" decoding="async" width="1024" height="683" src="https://www.paroisses-paysdecernay.fr/wordpress/wp-content/uploads/2019/07/IMG_0156-1024x683.jpg" alt="" class="wp-image-5264" srcset="https://www.paroisses-paysdecernay.fr/wordpress/wp-content/uploads/2019/07/IMG_0156-1024x683.jpg 1024w, https://www.paroisses-paysdecernay.fr/wordpress/wp-content/uploads/2019/07/IMG_0156-300x200.jpg 300w, https://www.paroisses-paysdecernay.fr/wordpress/wp-content/uploads/2019/07/IMG_0156-768x512.jpg 768w, https://www.paroisses-paysdecernay.fr/wordpress/wp-content/uploads/2019/07/IMG_0156-624x416.jpg 624w" sizes="auto, (max-width: 1024px) 100vw, 1024px" /></figure>
</div>
</div>



<p>Sur une grosse pierre de taille du grand portail gothique est gravée la date de 1481, en chiffres alémaniques (alamans), propre au couloir rhénan (Alsace et Pays de Bade en particulier : le 4 est un 8 entr&rsquo;ouvert à la base). Cette date correspond à la réfection du clocher après les destructions de la guerre de 100 ans (Pâques 1444).  Cette reconstruction se fit sous le curé ANEWILR (1481-1489) et la date de 1489, sur le mur Est à l&rsquo;intérieur de la sacristie, clôture ces travaux, en particulier la transformation du chœur roman en chœur gothique. Il en fut de même pour les bas-côté nord et sud dont les travaux s&rsquo;achèveront vers 1500. En réalité, tour, nef, et bas-côté, (à l&rsquo;exception des chapelles du clocher), remontent aux années 1220-1230, quelques décennies avant que le baillage de Wattwiller ne soit élevé au rang de ville et entouré d&rsquo;une enceinte fortifiée (1260-1265) par ordre des princes-abbés de Murbach, propriétaires des lieux.</p>



<p>(*1) source : 1481-1981 Cinquième Centenaire de l&rsquo;église Saint-Jean-Baptiste &#8211; Mon clocher raconte -Pierre Riether Août 1981 <br>(*2) source : Eglise de Wattwiller &#8211; Guide de visite &#8211; François                Ebner &#8211; Septembre 2007<br>(*3) source : L&rsquo;église de Wattwiller &#8211; Guide de visite en français &amp; allemand &#8211; Fernand Luttenbacher &#8211; Août 2008</p>

<p>Le clocher de l&rsquo;église est à l&rsquo;image des clochers rhénans, massifs, à cinq étages, toiture en bâtière, idéale contre la neige et la pluie. Sur une grosse pierre de taille [&hellip;]</p>
